
9
Suppose -4*p + q + 224 = 0, 81 = 4*p + 5*q - 143. What is the greatest common divisor of p and 84?
28
Let v be ((-69)/9 - -1)/(4/(-6)). What is the highest common divisor of 130 and v?
10
Let o = -49 + 73. Suppose -2*p - b = -0*p - 50, -2*b = -4. Calculate the highest common factor of o and p.
24
Let s = -7 + 10. Suppose -s*o + 105 = -84. Let r(q) = -q**2 - 8*q - 5. Let d be r(-6). Calculate the greatest common divisor of d and o.
7
Let h be (-222)/(-4)*(-2)/(-3). Suppose -5*j + 78 = -h. What is the greatest common divisor of j and 207?
23
Let s = 18 + -9. Calculate the highest common factor of 9 and s.
9
Let p be 4*-3*3/(-12). Suppose -p*l = c + 2*c - 42, 0 = -3*c - 2*l + 38. Calculate the highest common divisor of c and 90.
10
Let k(t) = t**2 - 8*t - 2. Let n be k(8). Let m = 4 + n. Let b(y) = y. Let o be b(3). Calculate the highest common factor of m and o.
1
Suppose -16 - 4 = -4*k. Suppose 0 = -3*s + 44 + 1. Calculate the highest common divisor of s and k.
5
Suppose 0 = -2*x - 2*x + 28. Suppose -2*p - 3*p = -70. What is the greatest common factor of p and x?
7
Let g = 182 - 127. Let b = g - 37. What is the highest common divisor of 45 and b?
9
Let u be (-28 - -12)/(((-4)/(-6))/(-2)). What is the greatest common divisor of u and 16?
16
Let m(z) be the second derivative of z**4/4 - z**3/2 - z**2 - 2*z. Let y be m(4). Let d = 87 - 36. What is the greatest common factor of y and d?
17
Let f be 6*((-10)/(-4) + -2). Suppose 6 + 18 = f*j. Let h be (108/j)/(2/4). Calculate the highest common divisor of h and 18.
9
Suppose 3*m + 12 = 24. What is the greatest common divisor of 2 and m?
2
Suppose -3*j = -2*j - 1. Let b be (9 + -3 - j)/1. Calculate the greatest common divisor of 35 and b.
5
Let r be (15/(-100)*-5)/(2/16). Suppose -37 = -x - 7. What is the greatest common divisor of r and x?
6
Let s(p) = -7*p - 13. Let y be s(-5). What is the greatest common factor of 88 and y?
22
Let q = 5 - 0. Suppose 0 = f - 13 + q. Suppose -h = 3*h - f. Calculate the highest common factor of 14 and h.
2
Let y = 33 - 3. Let h(w) = w**2 - 4. Let a be h(8). Suppose 0*g + a = 3*g. What is the greatest common factor of g and y?
10
Suppose -2*q + 5*v + 129 = -4, q - 3*v = 66. What is the greatest common divisor of q and 23?
23
Let r be (-111)/(-9) - 4/(-6). Let b = 21 - r. What is the greatest common divisor of 16 and b?
8
Suppose -3*o + 4 - 19 = 0, -5*o - 77 = -4*p. What is the highest common factor of p and 39?
13
Let c = 46 - 67. Let h = 37 + c. Calculate the greatest common divisor of 80 and h.
16
Let q = 82 + -18. What is the highest common divisor of 96 and q?
32
Let z = -5 - -15. What is the greatest common factor of 4 and z?
2
Let j(d) = -d - 5. Let r be j(-7). Suppose r*g + 126 = 5*a, 4 = -g + 1. What is the greatest common divisor of a and 24?
24
Let m = -3 - -6. Suppose -m*f = -4 - 26. What is the greatest common factor of f and 10?
10
Let f be -1*(-12)/(-16) - (-262)/8. Calculate the greatest common divisor of 80 and f.
16
Let f = 41 + -29. Let t(r) = -r**3 - 3*r**2 - 12*r - 16. Let x be t(-4). What is the greatest common divisor of x and f?
12
Let o(f) = f**2 + 4*f - 6. Let z(q) = -3*q**3 - q**2 - q + 2. Let v be z(2). Let k be v/5 - 2/5. Let l be o(k). What is the greatest common factor of l and 4?
2
Let n = 1 - -3. Suppose 5 = 4*j + j. What is the highest common factor of n and j?
1
Let u be ((22/3)/((-24)/36))/(-1). Let x be 2/8 + (-350)/(-8). Calculate the highest common factor of x and u.
11
Let t(l) = 145*l**3 - 2*l**2 + 1. Let g be t(1). What is the greatest common divisor of 12 and g?
12
Let b(f) = f - 3. Let z be b(5). Suppose 7 = 3*w + 5*q + 34, 6 = -3*w + 2*q. Let n be z*1 - (w + 2). What is the highest common divisor of n and 20?
4
Let t(i) = -78*i + 1. Let z be t(-2). Let h = z + -102. Calculate the highest common factor of 22 and h.
11
Let s(c) = -2*c**2 + 6*c. Let w be s(6). Let k be (-10)/(w/(-44) - 1). What is the greatest common factor of 5 and k?
5
Suppose -5*t + 4 = 5*y - y, 4*t = -4*y. Let i be 1*2/(-1) + t. What is the greatest common factor of i and 16?
2
Let l(s) = -2*s**3 - 3*s**2 + 5*s + 3. Let j be l(-3). Calculate the greatest common divisor of 3 and j.
3
Let n = -12 - -19. Let j be (-10)/(-35) + (-37)/n. Let k = 10 + j. What is the greatest common factor of k and 55?
5
Suppose -t + 5 = -17. Calculate the greatest common divisor of t and 11.
11
Suppose 4*q - 372 = -0*q. Suppose 4*f - 39 = q. What is the greatest common factor of 11 and f?
11
Suppose 0 = -2*v - 10, -z - v + 3 = 6. Suppose -8 = b + w, -2*b + b - 13 = z*w. Let i be 2*b/(-6)*70. What is the highest common factor of i and 10?
10
Let z = 32 + -18. What is the greatest common factor of z and 42?
14
Let q = -11 + 191. What is the highest common divisor of q and 20?
20
Let x be ((-6)/(-5))/((-1)/5). Let p = 11 - 1. Let r = x + p. Calculate the highest common divisor of r and 10.
2
Let k(g) = -7*g + 3 + 7 + g**2 - 3. Let x = 2 - -5. Let j be k(x). What is the highest common factor of 35 and j?
7
Let v = 109 + -73. Let s(u) = u**2 + 4*u - 6. Let w be s(-6). What is the greatest common factor of v and w?
6
Let v(f) = 2*f - 4. Let r be v(7). Calculate the greatest common divisor of 50 and r.
10
Let q be (5 - 0) + 15 + 36. Calculate the greatest common divisor of q and 14.
14
Let o(a) = -3*a + 8. Let i be o(-9). Let u(s) = -2*s - 5. Let v be u(-5). Calculate the greatest common divisor of v and i.
5
Let y(p) = p + 22. Let a be y(-11). What is the highest common factor of 55 and a?
11
Let k = -4 + -3. Let u = 12 + k. What is the highest common factor of u and 40?
5
Let x(h) = 6*h + 162. Let k be x(0). Suppose r = -r + v + 34, -3*v + 96 = 5*r. Calculate the highest common factor of r and k.
18
Let g = -90 - -108. What is the highest common factor of 126 and g?
18
Suppose 4*g + 60 = 6*g. What is the highest common divisor of g and 45?
15
Let h be 3 + (-1 - (3 + -3)). Suppose 4 = s + h. What is the greatest common divisor of s and 2?
2
Let r be (3 + -5)*1/2. Let u be r + 8 + 3/(-3). Calculate the highest common factor of 66 and u.
6
Let j(k) = k**2 - 9*k - 52. Let u be j(-7). Calculate the greatest common factor of 75 and u.
15
Suppose -5*z + 4*z + 4 = 0. Let m be 9/(-6)*-26 + -3. Calculate the highest common divisor of z and m.
4
Let c(q) = 5*q**2 - 5*q + 5. Let r be c(5). Let l be r/(-14)*92/(-6). What is the highest common divisor of l and 46?
23
Let d = -13 + 17. Calculate the greatest common factor of d and 4.
4
Suppose o - 3*o = -30. Let z = 491 - 356. Calculate the highest common factor of o and z.
15
Suppose -q = q + m - 12, -2*q + 16 = 2*m. Suppose q*b - 5*n = -17, 0*n = 3*b + 3*n - 21. What is the greatest common factor of 16 and b?
2
Let d = 100 + -87. What is the greatest common divisor of 65 and d?
13
Let b(j) = -j + 11. Let f be b(9). Suppose 4*p + u - 208 = -2*u, 3*p = -f*u + 156. Calculate the highest common factor of 13 and p.
13
Suppose o = -2*y + 32, -30 = 5*o + 3*y - 204. Suppose -k - o = k. Let c be (5 - -1)/((-4)/k). What is the highest common factor of c and 9?
9
Let t be ((-2)/(-2))/(2/26). Let d be (6/2)/(4/52). What is the greatest common factor of d and t?
13
Let g(l) = l - 14. Let p(c) = c - 28. Let f(j) = 5*g(j) - 3*p(j). Let k be f(-6). What is the highest common factor of k and 2?
2
Let q(k) = 2*k**2 + 3*k + 1. Let n be q(-2). Let t(v) = v**2 - 5*v + 5. Let i be t(5). Let o = i - 3. Calculate the highest common divisor of o and n.
1
Let k be (0 + -6)*(-3)/(-3). Let p(t) = -t - 4. Let h be p(k). Let y be h/7 - (-5)/7. What is the highest common divisor of y and 2?
1
Let c(k) = -k + 8. Let x = 4 + -4. Let p be c(x). What is the highest common factor of 4 and p?
4
Let a(b) be the second derivative of b**4/6 + 4*b**3/3 + 3*b**2/2 - b. Let i be a(-7). Let y = -20 + i. Calculate the highest common factor of 10 and y.
5
Let y = 9 - 5. Suppose y*c - b + 2 = 6, -5*b = 0. Calculate the greatest common divisor of 7 and c.
1
Suppose 6*j - 2*j - 80 = 0. Suppose -877 = -4*l + 3*d, 4*l - 5*d + 8*d = 883. What is the greatest common divisor of l and j?
20
Let b be (-9)/(-15) + (-66)/(-15). Calculate the highest common divisor of 10 and b.
5
Let y be (13/(-26))/(1/(-320)). Calculate the greatest common divisor of 32 and y.
32
Let l be 2 + 0 + 1 - -53. Calculat